20 + -124. Let g be -1*49/14 - 6/a. Calculate f(g).
16
Suppose 4*i = 4, -2*a - 3*i + 13 = 10. Let u(v) be the third derivative of 0*v + a + 10*v**2 + 1/3*v**3 + 1/4*v**4. Calculate u(-2).
-10
Let v(q) = 1 - 51*q + 12*q + 62*q**2 + 39*q. What is v(1)?
63
Let g(o) be the first derivative of -o**3/3 - o**2/2 - 5*o + 35. Give g(0).
-5
Let d be -7*(-2)/(-6)*3. Let v(q) = 5*q**3 - q**2 + 4*q - 7. Let i(u) = -9*u**3 + 3*u**2 - 7*u + 13. Let g(f) = d*v(f) - 4*i(f). Determine g(5).
-3
Let q(p) = -p**3 + 4*p**2 + 2*p. Let u(c) = c**2 + 6*c + 7. Let t be u(-5). Suppose w - 6 + t = 0. What is q(w)?
8
Let o(l) = 8*l**2 - 20*l - 20. Let c(m) = 7*m**2 - 20*m - 21. Let j(x) = 7*c(x) - 6*o(x). Let a be j(21). Let s(p) = -p**3 - 6*p**2 + 6. Determine s(a).
6
Let w(h) be the second derivative of h**3/3 + 3*h**2/2 - h. Let j(c) = -3*c**2 - 25*c + 13. Let m be j(-9). Calculate w(m).
-7
Let b(r) = r**3 + 6*r**2 + 5*r - 2. Suppose 5*w = -48 + 168. Suppose -3*s = 3*t + 2*t + 32, 0 = -5*s - t - w. Give b(s).
10
Let i(j) = -j**2 - j - 17. Let p(f) = -3*f**2 - 3 + 2*f + 9 + 0*f**2 + 5*f**3 - 6*f**3. Let k be p(-3). What is i(k)?
-17
Let x(i) = -i - 11. Let g be (-1)/(4/(-24))*(-1 - 0). Determine x(g).
-5
Let u(p) = -p**2 + 3*p - 3. Let j(f) be the first derivative of f**4/4 + f**3 - f**2 + 1. Let w be j(-3). Suppose 2*m + w = 4*m. What is u(m)?
-3
Let l = -1001 - -999. Let b(x) = -3*x - 5. What is b(l)?
1
Let o(k) be the third derivative of 1/24*k**4 + 0*k + 0 + 16*k**2 + 1/6*k**3. What is o(5)?
6
Suppose 3*f - 48 = 3*c, 4*f + 2*c - 16 = 2*f. Suppose f = -11*p - 10. Let m(s) = -5*s**2 + 1. Determine m(p).
-19
Let z be ((-2)/4)/(11/(-110)). Let x(q) = 2*q**3 + 26*q - 5*q**2 + 24*q - 1 - 52*q - q**3. Calculate x(z).
-11
Let k(j) be the second derivative of -j**5/20 - 7*j**4/12 - j**3 - 7*j**2/2 + 3*j - 1. Determine k(-6).
-7
Let i(b) = -b**2 + b - 3. Let p = 1305 + -1302. What is i(p)?
-9
Suppose -9*l - 92 + 200 = 0. Let s(v) = -v**2 + 14*v - 16. Calculate s(l).
8
Let w(f) = 8*f. Suppose -2*r + 13 = -l, 0*r = -r + 5*l - 16. Suppose -z = -r*z - 8. Calculate w(z).
-8
Let t(p) be the second derivative of -p**4/12 + 3*p**3/2 - 5*p**2/2 + 62*p + 1. Determine t(7).
9
Let d(p) = 3*p**2 + 3*p + p**3 + p**2 + p**2 - 69 + 72. Suppose -m - m - 8 = 0. Determine d(m).
7
Let y be (4 - (-22)/(-4))*-2. Suppose h + 4 = y*d - 2, -h = -d + 6. Let g(z) = -z - 6. Give g(h).
0
Let b(l) = 3*l - 7. Let q be b(4). Suppose -q*p - 24 - 6 = 0. Let w(j) = 2 + 9 - j**2 + 2 - 6 - 6*j. Give w(p).
7
Let x(g) = 5*g - 76. Let v be x(16). Let l(m) = -m**3 + 3*m**2 + 2*m + 2. What is l(v)?
-6
Let l(b) = -b**3 - 5*b**2 + 3*b - 14. Let y be l(-6). Let w(k) = 3*k**2 - 1 + y*k**2 + 2*k - 3*k**2. Determine w(-2).
11
Let q(d) = 4 - 4*d + 16 - 27. Determine q(-6).
17
Suppose 0 = -13*c + 60 + 5. Let p(t) = -1 - 2*t + t**2 + 2 - 3*t. Let n be p(c). Let u(f) = 4*f**2 - f. Give u(n).
3
Let o(i) = -2*i**2 + 8*i + 2. Suppose 0 = -60*d + 70*d - 40. Give o(d).
2
Let z(b) = 9 + 13 + 5*b - b**3 - 26 + 3*b**2. Suppose -4*t + 4*g + 0 = 8, 7 = 4*t - g. What is z(t)?
11
Let o(s) = -s**3 - 5*s**2 - 2*s - 8. Let c be o(-6). Let t be 4 - 29/8 - (-265)/c. Let g(y) = -y + 1. Calculate g(t).
-6
Let l(f) = -1. Let z(o) = 7*o - 4. Let w(j) = 5*l(j) - z(j). Let k(c) = -10*c - 1. Let m(d) = -5*k(d) + 7*w(d). What is m(0)?
-2
Let y = -9 - -10. Suppose 2 = 3*m - y. Suppose -4*k + 2*z = 18, 1 = 2*z - m. Let r(g) = g + 1. Give r(k).
-3
Let h(i) be the second derivative of i**5/60 + i**4/4 + 2*i**3/3 - 6*i**2 - i. Let f(w) be the first derivative of h(w). What is f(-4)?
-4
Let h(y) = -y**2 - 2*y + 4. Let z be h(-4). Let p(a) = 5 - 2*a - 10 + 1 + 0. Give p(z).
4
Suppose -4*y - 2 - 2 = 0. Let u(n) = n - 26. Let x(q) = q - 35. Let j(t) = -4*u(t) + 3*x(t). Calculate j(y).
0
Let m(r) = -r**2 + 2*r. Let y be m(2). Suppose -8 = -4*z - y. Let b(j) = -2*j**3 + 4*j**z + j**3 + j - 1 + 0*j. What is b(4)?
3
Let z(r) = r - 1. Let s(j) = 2*j + 6. Let o(x) = s(x) - 3*z(x). Determine o(0).
9
Suppose -7*i + 45 - 17 = 0. Let k(g) = -3*g + 3. Determine k(i).
-9
Let p(t) = t**2 - t + 1. Let k(f) = -5*f**2 + 9*f + 4. Let s(q) = -k(q) - 4*p(q). Let h = 54 + -48. Calculate s(h).
-2
Let l(z) = -2*z - 8. Let k be 2/7 - 182/(-49). Let r(a) = a**3 - 5*a**2 + a + 6. Let v be r(k). Determine l(v).
4
Suppose 3*x + 2*q = 7, 2*x - 4*q + 22 = -0. Let b(l) be the second derivative of 11/6*l**3 - 6*l + 0 + 0*l**2. What is b(x)?
-11
Let v(x) be the third derivative of -x**7/5040 - x**6/60 - x**5/15 + 7*x**2. Let b(u) be the third derivative of v(u). Calculate b(-7).
-5
Let m(x) = x**2 - 8. Let l be m(4). Suppose -8*z - l = -10*z. Let i(d) = -d - 1. Determine i(z).
-5
Let x(i) = 1 + 5 + 2*i**2 + i**3 + 0*i**2 + 10*i**2. Determine x(-12).
6
Let y(m) = m**2 + 2*m - 4. Suppose -2*t - t = -9. Let h(c) = -3*c**3 + c + 4*c**t - 2*c + 3*c**3. Let x be h(-1). Give y(x).
-1
Let b(l) = -180*l**2 + 81. Let t(o) = -11*o**2 + 5. Let k(q) = -2*b(q) + 33*t(q). Determine k(4).
-45
Suppose 9*m - 4*m = 20. Let a(h) = -3 + 2*h - h + m. Let z be (62/(-155) + (-28)/5)/1. Determine a(z).
-5
Let a be (-4)/(20/(-5)) - (-13 - -2). Let o(d) = -2*d + 18. What is o(a)?
-6
Let b(g) = 11*g - 38. Let v(r) = -7*r + 25. Suppose 3*c = -c - 20. Let h(u) = c*b(u) - 8*v(u). Let f = -442 + 442. What is h(f)?
-10
Suppose -12 - 12 = -3*d. Let j(c) = -5 - 7*c**2 + d + 1 - 3. Suppose 0 = -2*b + 2. Determine j(b).
-6
Let z be (-3)/(-2)*(7 + -13). Let g be (5 + -8)*((-12)/z)/(-1). Let k(d) = -3*d + 5. Give k(g).
-7
Let y(c) = 2*c**3 - 2*c + 1. Let d(f) = -5*f + 16. Let h(o) = 32 - 6*o + 11*o - 6*o - 8*o. Let s(l) = -5*d(l) + 3*h(l). Let q be s(7). What is y(q)?
13
Let y be 0/(-3) + (-6 - -7)*2. Let f(x) = 22*x - 4. Determine f(y).
40
Let p(w) = -w**3 - 3*w**2 + 3*w - 1. Let b = -60 - -56. Calculate p(b).
3
Let j(w) = -w**3 - 11*w**2 + w - 7. Suppose 232*o + 33 = 229*o. Calculate j(o).
-18
Let l = -3 - -6. Let z(q) = -q**l - 2 + 2*q**3 - 2*q**2 + q - 1. Let k(p) = p**3 - 7*p**2 + 7*p - 46. Let w be k(7). Determine z(w).
9
Let o(f) be the second derivative of f**5/20 + 7*f**4/12 - f**3/3 - 7*f**2/2 - 5*f. Let v be o(-7). Let z(x) = -7*x + 2*x - v + 4*x. Calculate z(-3).
-4
Let r(l) be the second derivative of -6*l + 0 - 1/120*l**5 + 17/720*l**6 + 0*l**3 - 11/12*l**4 + 0*l**2. Let n(c) be the third derivative of r(c). What is n(1)?
16
Let i be 1/(-4) - 50/(-8). Suppose 0*h + 2*h - 10 = -w, -2*h + 14 = 2*w. Let u(f) = -f**2 - 3*f**2 - 12 + w + 3*f**2 + 6*f. Calculate u(i).
-8
Let v(d) = d**2 + d - 1. Let x be v(0). Let f(h) = -3*h - 3. Let b(q) = 1. Let l(k) = x*f(k) + b(k). Suppose -2*c - 13 = 3*a, 4 = -2*a + 2. What is l(c)?
-11
Let p(c) = 12*c**2 - 4*c + 2. Let d(y) = -7*y**2 + 2*y - 1. Let q(x) = 11*d(x) + 6*p(x). Calculate q(2).
-23
Let u(q) be the first derivative of q**4/4 - 7*q**3/3 - 9*q**2/2 + 9*q - 81. Give u(8).
1
Let f(t) = t**2 + 3*t. Suppose -9 = -3*r, 3*u = r - 9 + 21. Suppose 0 = u*y - 10, 0*a - a + y = 7. Calculate f(a).
10
Let g(s) = 84 - s - 17*s**2 - 85 + 0*s. Let m be g(1). Let w = m - -16. Let z(q) = 5*q + 4. What is z(w)?
-11
Let j(k) = -k**2 - 9*k + 9. Let h = 56 + -68. Let b be ((-16)/20)/(h/(-150)). Give j(b).
-1
Let f be ((3 - 4)*-4)/(4/(-10)). Let m(k) = 4*k - k - 3 + 11 - 2*k. What is m(f)?
-2
Let b(r) be the third derivative of r**5/60 + r**4/12 - r**3/6 - 2*r**2 + 135*r. Calculate b(1).
2
Let s = 55 - 30. Let y(j) = j**2 + 5*j - s + 0*j**3 - j**3 + 4*j**2 + 29. Determine y(6).
-2
Let h be 26/(-240) - 35/((-2450)/28). Let v(k) be the third derivative of 0 - k**3 - h*k**4 - 1/60*k**5 + 8*k**2 + 0*k. Determine v(-7).
-6
Let z(l) = -l**2 + 9*l - 15. Let s(a) = 9*a**2 + 19*a - 20. Let g be s(1). Determine z(g).
-7
Let n(h) be the third derivative of 0 - h**2 + 0*h**3 - 1/60*h**5 + 0*h + 1/6*h**4. Let v = -4 + 7. What is n(v)?
3
Suppose 0 = j + 2 - 4. Let b(a) = -j + 0 + a + 6. Let g = 7 - 4. What is b(g)?
7
Let p(t) = -t**3 + 4*t**2 + 2*t + 5. Suppose -5 = -5*r + 20. Suppose 0 = r*x - 13 - 12. Determine p(x).
-10
Let j = 6 + -4. Let r(p) = 5*p - 4. Let y(n) = -9*n + 7. Let w(i) = 5*r(i) + 3*y(i). Let h be w(j). Let q(u) = -u**3 - 2*u**2 + 2*u - 3. Give q(h).
0
Let m(t) = t**2 + 6*t + 5. Let d(j) = -2*j**2 - 5*j - 4. Let b(h) = 5*d(h) + 4*m(h). Let x(q) = 13 - 15*q + 3*q + 10*q. Let c be x(6). De